3
What is 404 (base 9) in base 13?
1c3
Convert -10110100 (base 2) to base 13.
-10b
What is 452 (base 10) in base 14?
244
Convert 445 (base 10) to base 2.
110111101
42b (base 13) to base 14
38d
Convert 101560 (base 7) to base 5.
1024222
What is 1141 (base 8) in base 12?
429
1fe (base 16) to base 7
1326
-33292 (base 12) to base 13
-24b18
What is -1c56 (base 15) in base 10?
-6156
1961 (base 15) to base 9
7471
Convert -4806 (base 9) to base 15.
-10d0
What is 2283 (base 13) in base 11?
36aa
-12485 (base 12) to base 5
-1243434
What is -8a9 (base 15) in base 12?
-1173
What is -434122 (base 6) in base 8?
-106102
Convert ab4 (base 14) to base 13.
c6c
Convert -12 (base 11) to base 7.
-16
Convert -1324 (base 6) to base 12.
-244
What is -10125 (base 6) in base 2?
-10101000101
2a4 (base 11) to base 5
2411
Convert 7a4c (base 13) to base 7.
100644
What is -11132 (base 4) in base 3?
-110222
What is 51aa (base 13) in base 14?
418a
Convert 511 (base 11) to base 4.
21221
Convert 2c8 (base 14) to base 10.
568
-2041443 (base 5) to base 13
-12623
Convert -1001111001100 (base 2) to base 9.
-6851
What is -222e (base 15) in base 9?
-10838
What is -125 (base 15) in base 10?
-260
Convert -1312034 (base 5) to base 2.
-110010100100110
Convert 203 (base 7) to base 8.
145
Convert 18482 (base 10) to base 8.
44062
-1002 (base 6) to base 5
-1333
What is -5de (base 15) in base 2?
-10100110110
What is -44101 (base 5) in base 13?
-14ba
Convert 64c0 (base 16) to base 5.
1311132
-1002102 (base 3) to base 15
-37e
What is 1743 (base 13) in base 8?
6553
Convert -1222000 (base 3) to base 2.
-10110010111
What is -9108 (base 11) in base 7?
-50205
Convert 8190 (base 11) to base 8.
25164
What is 2114 (base 8) in base 2?
10001001100
Convert 6455 (base 11) to base 12.
4b2a
Convert -5563 (base 7) to base 8.
-3725
Convert -130 (base 4) to base 9.
-31
What is 10123 (base 6) in base 3?
1211220
Convert 3a1 (base 16) to base 6.
4145
733 (base 12) to base 2
10000010111
-323221 (base 6) to base 14
-99db
What is 32233 (base 6) in base 12?
2679
Convert -1555 (base 6) to base 13.
-272
Convert -121202 (base 4) to base 15.
-73e
What is 50b (base 12) in base 3?
1000002
Convert -2046 (base 11) to base 9.
-3643
Convert 111101110101001 (base 2) to base 5.
2003112
Convert 17a2 (base 16) to base 14.
22c2
Convert 640 (base 9) to base 10.
522
Convert 151431 (base 7) to base 5.
1414443
1210121 (base 3) to base 9
1717
Convert -12245 (base 6) to base 10.
-1829
-100010111100000 (base 2) to base 8
-42740
Convert 726 (base 8) to base 4.
13112
-10111 (base 4) to base 6
-1141
What is -4608 (base 9) in base 11?
-2620
Convert -2133233 (base 4) to base 12.
-5abb
-b4 (base 16) to base 12
-130
Convert 27165 (base 9) to base 10.
18365
What is 33a6 (base 13) in base 15?
2224
What is -355 (base 7) in base 8?
-273
What is -85282 (base 9) in base 2?
-1101110000110001
What is 12103 (base 7) in base 9?
4267
3864 (base 12) to base 7
24460
33778 (base 11) to base 6
1014052
Convert 10110 (base 4) to base 16.
114
What is 17996 (base 10) in base 13?
8264
Convert -44033 (base 5) to base 9.
-4123
5b1 (base 12) to base 15
3bd
Convert -1000101010 (base 2) to base 7.
-1421
What is -13311203 (base 4) in base 11?
-22131
-13151 (base 6) to base 2
-11111011011
Convert -3675 (base 8) to base 7.
-5530
Convert 114 (base 14) to base 9.
257
What is 1352 (base 16) in base 14?
1b34
Convert 3ec (base 16) to base 10.
1004
What is -131003 (base 4) in base 2?
-11101000011
-6a6 (base 11) to base 3
-1011012
What is 2314 (base 6) in base 16?
226
566 (base 10) to base 14
2c6
Convert 609 (base 13) to base 15.
483
What is 6342 (base 8) in base 7?
12421
Convert -40a8 (base 15) to base 4.
-3111122
Convert -481 (base 9) to base 15.
-1b7
Convert 56442 (base 8) to base 3.
1012201001
Convert 100110011 (base 2) to base 14.
17d
30331130 (base 4) to base 2
1100111101011100
Convert 111100 (base 3) to base 2.
101101000
37324 (base 10) to base 4
21013030
What is -bd4 (base 15) in base 14?
-d90
Convert 4f2 (base 16) to base 13.
765
Convert -2020010 (base 3) to base 13.
-97b
What is 478 (base 9) in base 14?
203
Convert 765 (base 9) to base 3.
212012
Convert 810c (base 13) to base 5.
1032012
What is 399 (base 11) in base 3?
122110
What is -922 (base 10) in base 2?
-1110011010
Convert 1342 (base 14) to base 16.
d3e
-130113 (base 4) to base 11
-1400
Convert -497 (base 13) to base 3.
-1002122
1002 (base 3) to base 10
29
What is -102021 (base 3) in base 5?
-2204
-9be (base 15) to base 16
-89c
Convert -70b3 (base 14) to base 2.
-100101110100101
-621 (base 8) to base 3
-112212
-566 (base 16) to base 7
-4013
Convert -311 (base 9) to base 2.
-11111101
What is 100221022 (base 3) in base 4?
1301030
What is 101504 (base 6) in base 9?
12184
Convert -11200 (base 3) to base 8.
-176
What is 2956 (base 11) in base 10?
3812
What is -10a1 (base 16) in base 7?
-15261
What is -2565 (base 10) in base 13?
-1224
Convert -11010012 (base 3) to base 7.
-11516
14233 (base 7) to base 13
1a08
What is -4b1 (base 15) in base 7?
-3052
What is -9296 (base 16) in base 2?
-1001001010010110
Convert -43b (base 15) to base 11.
-79a
3e4a (base 16) to base 12
928a
7b6 (base 13) to base 3
1211100
507 (base 12) to base 3
222221
What is -3255 (base 8) in base 13?
-a16
Convert 4310 (base 5) to base 14.
2d6
75722 (base 9) to base 14
143cb
What is -109a8 (base 13) in base 8?
-73014
3202 (base 12) to base 13
2651
What is -16021 (base 12) in base 3?
-1120200221
Convert 4375 (base 11) to base 3.
21220200
What is 102 (base 15) in base 12?
16b
Convert -4847 (base 11) to base 7.
-24331
Convert -1020133 (base 4) to base 14.
-1995
a731 (base 12) to base 3
221010201
What is 10283 (base 10) in base 16?
282b
What is 150 (base 10) in base 16?
96
1968 (base 13) to base 3
12012220
-1506 (base 7) to base 5
-4334
What is -11333 (base 5) in base 8?
-1513
What is -ac7 (base 15) in base 10?
-2437
What is -3a7 (base 14) in base 5?
-10420
Convert -29621 (base 10) to base 4.
-13032311
Convert -192 (base 16) to base 15.
-1bc
-2342232 (base 5) to base 12
-21182
-120005 (base 8) to base 16
-a005
Convert 189 (base 12) to base 4.
3321
11354 (base 7) to base 10
2930
-43432 (base 6) to base 2
-1011101101100
What is -1165 (base 8) in base 15?
-2be
What is b2 (base 14) in base 5?
1111
Convert -34 (base 12) to base 10.
-40
Convert 3b3 (base 14) to base 11.
618
What is 24f (base 16) in base 13?
366
What is -13434 (base 5) in base 8?
-2137
-3345 (base 6) to base 16
-311
Convert 1617 (base 13) to base 11.
2478
What is -1bd (base 14) in base 2?
-101101011
-4591 (base 16) to base 13
-814c
525 (base 7) to base 16
108
-bc5 (base 15) to base 9
-3575
-1a69 (base 16) to base 9
-10242
Convert 2251 (base 6) to base 4.
20113
1103210 (base 4) to base 8
12344
21554 (base 8) to base 14
343a
What is -114423 (base 5) in base 9?
-5877
Convert 2273 (base 12) to base 8.
7367
-36626 (base 7) to base 9
-14118
44341 (base 5) to base 6
22200
-2121012 (base 3) to base 8
-3547
What is 4650 (base 9) in base 15?
104c
36 (base 8) to base 7
42
Convert 21026 (base 7) to base 14.
1c4d
-29c (base 14) to base 6
-2242
What is aa4 (base 12) in base 8?
3034
What is -632 (base 12) in base 16?
-386
-345540 (base 6) to base 11
-20428
What is -201102 (base 3) in base 6?
-2232
-10011 (base 7) to base 9
-3266
-12114 (base 5) to base 15
-409
Convert c5bb (base 14) to base 9.
51658
Convert 2023 (base 5) to base 7.
524
Convert 1602 (base 8) to base 2.
1110000010
Convert -2b2 (base 14) to base 10.
-548
Convert 17707 (base 9) to base 4.
2333032
2537 (base 11) to base 4
303223
What is 1112131 (base 5) in base 10?
19666
Convert 10511 (base 6) to base 12.
a37
Convert 42680 (base 11) to base 8.
171130
-33535 (base 7) to base 3
-102122221
1111131 (base 4) to base 5
133334
Convert 1412001 (base 5) to base 12.
14949
-3039 (base 11) to base 6
-30403
c9bb (base 16) to base 3
2121211201
Convert -2460 (base 8) to base 11.
-aa8
Convert 12532 (base 6) to base 11.
14a3
1433 (base 5) to base 3
100000
Convert -623 (base 13) to base 15.
-498
Convert 10013 (base 5) to base 9.
773
What is 36236 (base 7) in base 12?
5522
What is -12202 (base 3) in base 5?
-1110
-1213242 (base 6) to base 5
-4024000
Convert -804 (base 15) to base 8.
-3414
-103030 (base 4) to base 6
-5404
Convert 15834 (base 9) to base 13.
4c54
What is